{"id":4,"date":"2022-02-26T11:18:35","date_gmt":"2022-02-26T11:18:35","guid":{"rendered":"https:\/\/architekten-ludwig.de\/?page_id=4"},"modified":"2022-02-27T10:23:45","modified_gmt":"2022-02-27T10:23:45","slug":"willkommen-auf-https-architekten-ludwig-de","status":"publish","type":"page","link":"https:\/\/architekten-ludwig.de\/","title":{"rendered":"Willkommen im Architekturb\u00fcro Ludwig"},"content":{"rendered":"\n<p>Unser B\u00fcro besteht seit 1990 in Suhl. Neben zahlreichen Objekten im B\u00fcro- und Verwaltungsbau, Wohnungsbau etc. haben wir auch einen T\u00e4tigkeitsschwerpunkt u.a. im Bereich Schul- und Sporthallenbau gefunden. Brandschutz, W\u00e4rmeschutz, Sanierung und Instandhaltung sind Kernkompetenz. <\/p>\n\n\n\n<h2 class=\"wp-block-heading\">Unser Motto:<\/h2>\n\n\n\n<div class=\"wp-block-cover is-light\" style=\"min-height:160px;aspect-ratio:unset;\"><span aria-hidden=\"true\" class=\"has-background-dim-20 wp-block-cover__gradient-background has-background-dim has-background-gradient\" style=\"background:linear-gradient(135deg,rgb(238,238,238) 0%,rgb(77,138,181) 100%)\"><\/span><div class=\"wp-block-cover__inner-container is-layout-flow wp-block-cover-is-layout-flow\">\n<p class=\"has-large-font-size\"><mark style=\"background-color:#abb8c3\" class=\"has-inline-color\"><strong>   &#8230;. und am Ende wird alles sch\u00f6n  &#8230;.<\/strong><\/mark><\/p>\n<\/div><\/div>\n\n\n\n<p><strong>Inhaber:<\/strong><br>Steffen Ludwig,<br>Architekt Dipl.-Ing.(TU)<br>geb.: &nbsp;&nbsp;&nbsp;&nbsp;&nbsp; 05.04.1960<br>Studium: Bauhaus Universit\u00e4t Weimar 1981-1986, Diplom1986<strong><br>Internet:<\/strong>&nbsp;<\/p>\n\n\n\n<p class=\"has-large-font-size\"><a href=\"https:\/\/architekten-thueringen.de\/aft\/bueros\/b\/architekturbuero_ludwig__dipl__i-156.html\">&#8230; \u00fcber die Internetseite der Architektenkammer Th\u00fcringen &#8230;<\/a><\/p>\n\n\n\n<p><strong>Berufliche Spezialisierungen \/ Nachweisberechtigungen<\/strong><br>Sigeko (Sicherheits- und Gesundheits- Koordinator)<br>Nachweisberechtigung Vorbeugender Brandschutz nach BauO<br>Nachweisberechtigung nach EnEV (Energie-Einspar-Verordnung) W\u00e4rmeschutz<br>Facility Management und Projektentwicklung<\/p>\n\n\n\n<p><strong>Ehrenamtliche T\u00e4tigkeiten<\/strong><br>Mitglied der Vertreterversammlung der Architektenkammer Th\u00fcringen<br>Ortschaftsrat  \/ Ortsteilb\u00fcrgermeister OT Wichtshausen (Stadt Suhl)<\/p>\n","protected":false},"excerpt":{"rendered":"<p>Unser B\u00fcro besteht seit 1990 in Suhl. Neben zahlreichen Objekten im B\u00fcro- und Verwaltungsbau, Wohnungsbau etc. haben wir auch einen T\u00e4tigkeitsschwerpunkt u.a. im Bereich Schul- &hellip;<\/p>\n","protected":false},"author":1,"featured_media":0,"parent":0,"menu_order":0,"comment_status":"closed","ping_status":"closed","template":"","meta":{"footnotes":""},"class_list":["post-4","page","type-page","status-publish","hentry"],"_links":{"self":[{"href":"https:\/\/architekten-ludwig.de\/index.php?rest_route=\/wp\/v2\/pages\/4","targetHints":{"allow":["GET"]}}],"collection":[{"href":"https:\/\/architekten-ludwig.de\/index.php?rest_route=\/wp\/v2\/pages"}],"about":[{"href":"https:\/\/architekten-ludwig.de\/index.php?rest_route=\/wp\/v2\/types\/page"}],"author":[{"embeddable":true,"href":"https:\/\/architekten-ludwig.de\/index.php?rest_route=\/wp\/v2\/users\/1"}],"replies":[{"embeddable":true,"href":"https:\/\/architekten-ludwig.de\/index.php?rest_route=%2Fwp%2Fv2%2Fcomments&post=4"}],"version-history":[{"count":6,"href":"https:\/\/architekten-ludwig.de\/index.php?rest_route=\/wp\/v2\/pages\/4\/revisions"}],"predecessor-version":[{"id":195,"href":"https:\/\/architekten-ludwig.de\/index.php?rest_route=\/wp\/v2\/pages\/4\/revisions\/195"}],"wp:attachment":[{"href":"https:\/\/architekten-ludwig.de\/index.php?rest_route=%2Fwp%2Fv2%2Fmedia&parent=4"}],"curies":[{"name":"wp","href":"https:\/\/api.w.org\/{rel}","templated":true}]}}

Willkommen im Architekturbüro Ludwig

<p>Unser Büro besteht seit 1990 in Suhl. Neben zahlreichen Objekten im Büro- und Verwaltungsbau, Wohnungsbau etc. haben wir auch einen Tätigkeitsschwerpunkt u.a. im Bereich Schul- und Sporthallenbau gefunden. Brandschutz, Wärmeschutz, Sanierung und Instandhaltung sind Kernkompetenz. </p>



<h2 class="wp-block-heading">Unser Motto:</h2>



<div class="wp-block-cover is-light" style="min-height:160px;aspect-ratio:unset;"><span aria-hidden="true" class="has-background-dim-20 wp-block-cover__gradient-background has-background-dim has-background-gradient" style="background:linear-gradient(135deg,rgb(238,238,238) 0%,rgb(77,138,181) 100%)"></span><div class="wp-block-cover__inner-container is-layout-flow wp-block-cover-is-layout-flow">
<p class="has-large-font-size"><mark style="background-color:#abb8c3" class="has-inline-color"><strong>   &#8230;. und am Ende wird alles schön  &#8230;.</strong></mark></p>
</div></div>



<p><strong>Inhaber:</strong><br>Steffen Ludwig,<br>Architekt Dipl.-Ing.(TU)<br>geb.: &nbsp;&nbsp;&nbsp;&nbsp;&nbsp; 05.04.1960<br>Studium: Bauhaus Universität Weimar 1981-1986, Diplom1986<strong><br>Internet:</strong>&nbsp;</p>



<p class="has-large-font-size"><a href="https://architekten-thueringen.de/aft/bueros/b/architekturbuero_ludwig__dipl__i-156.html">&#8230; über die Internetseite der Architektenkammer Thüringen &#8230;</a></p>



<p><strong>Berufliche Spezialisierungen / Nachweisberechtigungen</strong><br>Sigeko (Sicherheits- und Gesundheits- Koordinator)<br>Nachweisberechtigung Vorbeugender Brandschutz nach BauO<br>Nachweisberechtigung nach EnEV (Energie-Einspar-Verordnung) Wärmeschutz<br>Facility Management und Projektentwicklung</p>



<p><strong>Ehrenamtliche Tätigkeiten</strong><br>Mitglied der Vertreterversammlung der Architektenkammer Thüringen<br>Ortschaftsrat  / Ortsteilbürgermeister OT Wichtshausen (Stadt Suhl)</p>

<p>Unser Büro besteht seit 1990 in Suhl. Neben zahlreichen Objekten im Büro- und Verwaltungsbau, Wohnungsbau etc. haben wir auch einen Tätigkeitsschwerpunkt u.a. im Bereich Schul- &hellip;</p>
